 = 417 + -410. Suppose 0 = 3*z - n - 43, 3*z - n - 37 = -6*n. Let r be (4/t)/(z/(-49)). Let w(u) = u**3 - u + 2. Give w(r).
-4
Suppose 0 = -3*j - 20*j + 207. Let a(z) = -1 + 3 + 6 + 23*z - z**2 - 11*z + j. Calculate a(14).
-11
Let j(h) = h**3 - 8*h**2 - 7*h + 4. Let c be ((-15)/(-3) - 3) + 3. Give j(c).
-106
Suppose 14*r + 2*x = 13*r, 4*r = -2*x. Let a(k) = k**3 + k**2 + k + 3. Determine a(r).
3
Let f(h) be the first derivative of -4*h + h**2 - 1/3*h**3 - 49. Give f(4).
-12
Let j(d) = -d**2 - 2*d + 7. Suppose 0 = -m - 5*f - 31, -17*f + 20*f + 15 = 0. Let q(o) = -2*o**3 - 12*o**2 + o + 3. Let s be q(m). What is j(s)?
4
Let h(l) be the second derivative of -l**3/3 - 9*l**2/2 + 1157*l. Give h(-7).
5
Let f(s) be the second derivative of s**5/20 + s**4/6 - 5*s**3/3 - 13*s**2/2 + 8*s - 61. What is f(3)?
2
Let i(v) = 198 - 53*v + 217 - 991. Give i(-11).
7
Let n be ((-4)/6)/((-2)/3). Let a(c) = 4*c**2 - 10*c + 35. Let i(g) = 85*g**2 + 2*g + 2*g - g - 86*g**2 - 10. Let p(q) = -2*a(q) - 7*i(q). Give p(n).
-2
Let g(i) be the third derivative of 0*i**3 - 1/12*i**4 + 0*i + 0 - 3*i**2. Let y be 4/10 - (-44)/(-10). Give g(y).
8
Let t = 342 - 222. Let u = -119 + t. Let b(c) = 3*c**3 + c**2 - c + 1. What is b(u)?
4
Suppose 8 = -3*n - n, 5*g - 5*n = 255. Suppose -2*r + 13*v - 11*v - 96 = 0, 0 = -r + 3*v - 40. Let h = g + r. Let k(j) = 2*j**2 + 4*j + 4. What is k(h)?
10
Let j(x) be the second derivative of 1/6*x**3 + 4*x - x**2 - 3. What is j(-4)?
-6
Let y(z) = -z**3 + 16*z**2 + 16*z - 1. Let c = 3983 + -3966. Calculate y(c).
-18
Let t(k) = 470*k + 453*k + 12 - 927*k. Give t(-9).
48
Let h(a) = -a**2 + 5*a + 2. Suppose 14*r - 52 = 10*r. Suppose 0 = -r*k + 101 - 23. Calculate h(k).
-4
Let y(l) = 749 - 3*l**2 - 12*l - 735 + 2*l**2. Give y(-13).
1
Let j(n) = 3*n - 5*n + 1 + 3*n - 9*n**3 - n**2. Suppose -3*d - 412 - 999 = 5*h, 930 = -2*d + 2*h. Let k = 466 + d. Determine j(k).
8
Let i(u) = 0 + 5*u + 61*u**2 + 2*u**2 - 16 - 59*u**2. What is i(2)?
10
Let y(l) be the second derivative of -l**3 + 33*l**2/2 + 11753*l. What is y(9)?
-21
Let j(k) = k**2 - k - 4. Let b(w) = -36*w - 290. Let a = 536 + -544. Let h be b(a). Calculate j(h).
2
Let l(x) = -2*x + 26. Let f be l(13). Let c(k) = k**3 + 2*k**2 - k - 5. Let y be c(f). Let o(r) = 129 + 3*r + r - 130 + r**2. What is o(y)?
4
Let k(r) = 2*r - 10*r**2 + 12*r**2 - 10*r**3 - 5*r**3. Let a be k(-1). Let b(y) = y - 18 + y + 0*y + a - 2*y**3. Give b(2).
-15
Let c = -8089 - -8090. Let k(x) = -31*x - 4. Give k(c).
-35
Let c = 433 + -425. Let r(z) = z**3 - 5*z**2 - 26*z + 8. What is r(c)?
-8
Let r(d) = d**2 - 1. Let i(c) = -4*c**2 - 7*c + 8. Let s(a) = -i(a) - 5*r(a). Suppose 580*k - 592*k + 84 = 0. What is s(k)?
-3
Let j(c) be the first derivative of -c**4/4 - 2*c**3 + 7*c**2/2 + c + 3. Let i be -2 - (10 - 20/4). Calculate j(i).
1
Let f be (2/5)/(12/60). Let p(z) = f + z**2 + 0 + 28*z - 27*z. Give p(-5).
22
Let s(b) = b**3 - 7*b**2 + 15*b - 51. Let t be s(6). Let i(q) = 10*q + 5*q - 15*q + q - t. Determine i(-3).
-6
Let k(t) = -t**2 + 2*t - 15. Let q be k(8). Let h = 66 + q. Let v(u) = h*u**2 + 0*u**3 - u**3 + 0*u**2 - 6 + 6*u. Determine v(4).
2
Suppose -5*f = 5*l + 29 - 64, 4*l - f = -7. Let n(x) = 2*x - 1. Calculate n(l).
-1
Let a(y) be the second derivative of -11*y**4/4 + y**3/6 + y**2/2 - y. Let m be (88 - 9975/114)/(2/(-4)). Determine a(m).
-33
Let l(r) = 5*r - 215*r**2 + 1318 - 1320 + 217*r**2. Give l(-3).
1
Let l(d) be the second derivative of 4/3*d**3 + 1/20*d**5 - 7/12*d**4 - 26*d + 0 - 3/2*d**2. Suppose -2*x = -3*h - 18, 0 = 5*x - 2*h - 3*h - 40. Calculate l(x).
9
Let a be (1 + -1)/(-12) - 0. Let h(m) be the third derivative of a + 3*m**2 + 0*m + 0*m**4 - 2/3*m**3 - 1/60*m**5. Determine h(0).
-4
Let a(s) be the first derivative of -2*s**3/3 + 5*s**2 - 7*s + 1385. What is a(7)?
-35
Let r(j) = -1 + 86*j - 89*j - 6. Suppose -2*a - 18 = 2*y, 11*y - 13*y = a + 7. Give r(a).
26
Let o(w) = -2*w**3 + 14*w**2 + 4*w - 16. Suppose -39*g + 150 + 123 = 0. What is o(g)?
12
Let o(s) = -s**2 + s - 1. Let t(u) = -u**2 + 7*u - 6. Let l be t(6). Suppose -12*i + 26 + 10 = 0. Suppose l*r + i*r - 12 = 3*f, -12 = 4*f. Give o(r).
-1
Suppose 0 = 53*b - 31 - 128. Let h(s) = -28 + 0*s**3 + s**b + 28 - 8*s + s + 6*s**2. Give h(-7).
0
Let v(o) be the second derivative of 7*o**5/4 + o**4/3 + o**3/3 - o**2/2 + 415*o. Give v(-1).
-34
Suppose 0 = -0*o + 10*o + 2 + 48. Let u(w) be the third derivative of -w**5/30 - w**4/8 + 5*w**3/6 + 8*w**2. Calculate u(o).
-30
Let o(v) = -5*v**2 + 5*v + 4. Let t(a) = 12*a + 227. Let g be t(-19). What is o(g)?
-6
Let x(u) = u**3 - 17*u**2 - 21*u + 45. Let p(q) = q**2 - 87*q + 104. Let c be p(86). Calculate x(c).
-9
Suppose -211*z + 1305 = -594. Let b(u) = u**3 - 9*u**2 + 8. Determine b(z).
8
Let y(m) be the second derivative of m**4/12 - m**3/6 - 10*m**2 - 696*m. Determine y(0).
-20
Let i be ((-12)/5)/((-89)/445). Suppose 0 = l - 4*l + i, -3*l = 5*n - 17. Let g(r) = -9*r + 1. Determine g(n).
-8
Suppose h = -0*h + 2. Let q(a) = 8 + 145*a - 156*a + 2*a**h - 3. Let i be q(5). Let t(m) = m**2 + m - 15. Determine t(i).
-15
Let z = -3 + 5. Let p(w) = -z - 7*w + 4*w - 2*w + 2*w. What is p(2)?
-8
Let o(q) be the second derivative of -2/3*q**3 + 38*q - 1/2*q**2 + 0. Let r(k) = k - 4. Let a be r(0). Give o(a).
15
Let z(b) be the second derivative of 0 + 62*b + 1/20*b**5 - 11/12*b**4 - 6*b**2 + 1/6*b**3. Let o be ((-22)/(-3))/(8/12). Give z(o).
-1
Let w(f) = -f - 22. Suppose 34*j + 16*j + 350 = 0. Give w(j).
-15
Let n(m) = -20*m**2 - 8*m - 39. Let q(t) be the first derivative of -11*t**3/3 - 2*t**2 - 20*t + 60. Let r(v) = -6*n(v) + 11*q(v). Give r(6).
2
Let b(x) = 12*x**3 - 15*x**2 - 28*x + 14. Let j(l) = -19*l**3 + 23*l**2 + 43*l - 21. Let n(q) = 8*b(q) + 5*j(q). Determine n(6).
-11
Let t(c) be the second derivative of -37 + 2*c + 7/6*c**3 - 1/12*c**4 + 5*c**2. Give t(8).
2
Let a(l) = 16*l - 217. Let r be a(13). Let q(j) = -j**2 + 12*j + 196. What is q(r)?
7
Suppose 267*r = -166*r + 2203 + 2127. Let w(x) = -x + 11. Give w(r).
1
Let i(t) be the first derivative of -3*t**2/2 - 3*t + 104. Let d(w) = -12*w + 152. Let g be d(13). Give i(g).
9
Let c(d) = 2*d - 771. Let y(k) = -k + 675. Let l(f) = 6*c(f) + 7*y(f). Determine l(-17).
14
Let u(b) = -2*b**2 - 3*b + 8. Suppose -2*w + 4 = 4*m + 14, 2*w = 3*m + 18. Determine u(m).
-12
Let s(m) = -m**3 + m**2 + 4 + 6*m**2 - 4*m + 4. Let h = -39750 - -39756. What is s(h)?
20
Suppose -4*x = 18 - 6. Let m(j) = -4*j - 5. Let h(s) = 13*s + 16. Let n(a) = -2*h(a) - 7*m(a). What is n(x)?
-3
Let a(i) = -15*i**3 - 27*i**2 + 13*i - 3. Let h(m) = 7*m**3 + 13*m**2 - 6*m + 2. Let y(j) = 6*a(j) + 13*h(j). Determine y(-7).
8
Let r(m) = 2*m - 1. Suppose 3*j + 2*f = 4*j - 9, 9 = -4*j - f. Let d(k) = -24*k - 24. Let z be d(j). Give r(z).
-1
Let h(s) = 0*s**3 + 56 - 5*s**2 - 212 + s**3 + 39 + 51 + 13*s. What is h(5)?
-1
Let b(z) = 21*z**2 - 2*z + 1. Let q = 314 - 211. Let x = -102 + q. Calculate b(x).
20
Let n = 7222 - 7226. Let v(f) = f**3 + 4*f**2 + 2*f - 12. Give v(n).
-20
Let n(p) = -3*p + p**2 - 13*p + 7 + 4*p. Let u be n(8). Let m = u - -31. Let b(c) = -c**2 + 6*c - 5. Calculate b(m).
-5
Let j(c) = -c**3 + 4*c**2 - c - 4. Suppose 21 = v - 5*k - 9, 0 = 4*v + 5*k - 45. Suppose 4*r + 4*b - 27 = -b, -2*r - b = -v. Suppose 0 = 3*h - 4 - r. Give j(h).
-8
Let l(x) = -x**3 + x**2 - x - 2. Let v = 326 + -323. Suppose 0 = v*t + 2*t + 10. Give l(t).
12
Let r = 15 + -9. Let y(g) = -1 + 5*g - r - 9*g**2 + 10*g**2. Let t = 113 - 119. Calculate y(t).
-1
Let q(c) be the second derivative of c**3/2 - 27*c**2/2 + 385*c. Suppose -2*v + 2*i = -22, -3*v + 25 + 8 = -4*i. Calculate q(v).
6
Let u(f) = 5*f**3 + 7*f**2 - 101*f + 34. Let l(p) = 2*p**3 + 2*p**2 - 38*p + 12. Let q(k) = 8*l(k) - 3*u(k). What is q(6)?
24
Let x(d) = -d**3 - 10. Let v(s) = s**3 - 13*s**2 + 12*s. Let j be v(12). Let h(y) = -y + 15. Let a be h(10). Suppose j = -a*r - r - r. Determine x(r).
-10
Let x(s) = -13*s - 39. Suppose 218*n + 4*q = 221*n + 36, 0 = n - 5*q + 34. Determine x(n).
13
Suppose 0 = -2*i, 4*f - 2*i - 10 + 2 = i. Let z(p) be the first derivative of 2 + p + 1/2*p**f. Determine z(1).
2
Let t(n) be the third derivative of 13*n**5/60 - 5*n**4/24 - 25*n**2. Let a(m) = -66*m**2 + 24*m. Let q(d) = 5*a(d) + 24*t(d). Determine q(-1).
-18
Let f(c) 